{"id":16,"date":"2020-03-20T22:28:46","date_gmt":"2020-03-20T21:28:46","guid":{"rendered":"https:\/\/achfundacja.org.pl\/?page_id=16"},"modified":"2022-04-14T18:17:03","modified_gmt":"2022-04-14T16:17:03","slug":"kontakt-wsparcie","status":"publish","type":"page","link":"https:\/\/achfundacja.org.pl\/?page_id=16","title":{"rendered":"Kontakt  i  wsparcie"},"content":{"rendered":"\n<p>KRS: 0000817158 NIP: 9472001129<\/p>\n\n\n\n<p>ul. A. Struga 35, \u0141\u00f3d\u017a<\/p>\n\n\n\n<p>IOD Fundacji: Katarzyna Fulko: katarzyna@achfundacja.org.pl<\/p>\n\n\n\n<p>Nasz rachunek w mBanku, ACH! Fundacja: <strong>67 1140 2004 0000 3602 7961 3197<\/strong><\/p>\n\n\n\n<blockquote class=\"wp-block-quote is-style-large\"><p>Jeste\u015bmy wdzi\u0119czni za ka\u017cde wsparcie naszych dzia\u0142a\u0144!<\/p><\/blockquote>\n","protected":false},"excerpt":{"rendered":"<p>KRS: 0000817158 NIP: 9472001129 ul. A. Struga 35, \u0141\u00f3d\u017a IOD Fundacji: Katarzyna Fulko: katarzyna@achfundacja.org.pl Nasz rachunek w mBanku, ACH! Fundacja: 67 1140 2004 0000 3602 7961 3197 Jeste\u015bmy wdzi\u0119czni za ka\u017cde wsparcie naszych dzia\u0142a\u0144!<\/p>\n","protected":false},"author":1,"featured_media":0,"parent":0,"menu_order":0,"comment_status":"closed","ping_status":"closed","template":"","meta":[],"yoast_head":"<!-- This site is optimized with the Yoast SEO plugin v15.6.2 - https:\/\/yoast.com\/wordpress\/plugins\/seo\/ -->\n<title>Kontakt i wsparcie - fundacja Ach!<\/title>\n<meta name=\"robots\" content=\"index, follow, max-snippet:-1, max-image-preview:large, max-video-preview:-1\" \/>\n<link rel=\"canonical\" href=\"https:\/\/achfundacja.org.pl\/?page_id=16\" \/>\n<meta property=\"og:locale\" content=\"pl_PL\" \/>\n<meta property=\"og:type\" content=\"article\" \/>\n<meta property=\"og:title\" content=\"Kontakt i wsparcie - fundacja Ach!\" \/>\n<meta property=\"og:description\" content=\"KRS: 0000817158 NIP: 9472001129 ul. A. Struga 35, \u0141\u00f3d\u017a IOD Fundacji: Katarzyna Fulko: katarzyna@achfundacja.org.pl Nasz rachunek w mBanku, ACH! Fundacja: 67 1140 2004 0000 3602 7961 3197 Jeste\u015bmy wdzi\u0119czni za ka\u017cde wsparcie naszych dzia\u0142a\u0144!\" \/>\n<meta property=\"og:url\" content=\"https:\/\/achfundacja.org.pl\/?page_id=16\" \/>\n<meta property=\"og:site_name\" content=\"fundacja Ach!\" \/>\n<meta property=\"article:modified_time\" content=\"2022-04-14T16:17:03+00:00\" \/>\n<meta name=\"twitter:card\" content=\"summary_large_image\" \/>\n<meta name=\"twitter:label1\" content=\"Est. reading time\">\n\t<meta name=\"twitter:data1\" content=\"1 minuta\">\n<script type=\"application\/ld+json\" class=\"yoast-schema-graph\">{\"@context\":\"https:\/\/schema.org\",\"@graph\":[{\"@type\":\"WebSite\",\"@id\":\"https:\/\/achfundacja.org.pl\/#website\",\"url\":\"https:\/\/achfundacja.org.pl\/\",\"name\":\"fundacja Ach!\",\"description\":\"u\\u017cywaj wiedzy, \\u017cyj dobrze\",\"potentialAction\":[{\"@type\":\"SearchAction\",\"target\":\"https:\/\/achfundacja.org.pl\/?s={search_term_string}\",\"query-input\":\"required name=search_term_string\"}],\"inLanguage\":\"pl-PL\"},{\"@type\":\"WebPage\",\"@id\":\"https:\/\/achfundacja.org.pl\/?page_id=16#webpage\",\"url\":\"https:\/\/achfundacja.org.pl\/?page_id=16\",\"name\":\"Kontakt i wsparcie - fundacja Ach!\",\"isPartOf\":{\"@id\":\"https:\/\/achfundacja.org.pl\/#website\"},\"datePublished\":\"2020-03-20T21:28:46+00:00\",\"dateModified\":\"2022-04-14T16:17:03+00:00\",\"inLanguage\":\"pl-PL\",\"potentialAction\":[{\"@type\":\"ReadAction\",\"target\":[\"https:\/\/achfundacja.org.pl\/?page_id=16\"]}]}]}<\/script>\n<!-- \/ Yoast SEO plugin. -->","_links":{"self":[{"href":"https:\/\/achfundacja.org.pl\/index.php?rest_route=\/wp\/v2\/pages\/16"}],"collection":[{"href":"https:\/\/achfundacja.org.pl\/index.php?rest_route=\/wp\/v2\/pages"}],"about":[{"href":"https:\/\/achfundacja.org.pl\/index.php?rest_route=\/wp\/v2\/types\/page"}],"author":[{"embeddable":true,"href":"https:\/\/achfundacja.org.pl\/index.php?rest_route=\/wp\/v2\/users\/1"}],"replies":[{"embeddable":true,"href":"https:\/\/achfundacja.org.pl\/index.php?rest_route=%2Fwp%2Fv2%2Fcomments&post=16"}],"version-history":[{"count":13,"href":"https:\/\/achfundacja.org.pl\/index.php?rest_route=\/wp\/v2\/pages\/16\/revisions"}],"predecessor-version":[{"id":350,"href":"https:\/\/achfundacja.org.pl\/index.php?rest_route=\/wp\/v2\/pages\/16\/revisions\/350"}],"wp:attachment":[{"href":"https:\/\/achfundacja.org.pl\/index.php?rest_route=%2Fwp%2Fv2%2Fmedia&parent=16"}],"curies":[{"name":"wp","href":"https:\/\/api.w.org\/{rel}","templated":true}]}}