{"id":15,"date":"2020-03-20T22:28:45","date_gmt":"2020-03-20T21:28:45","guid":{"rendered":"https:\/\/achfundacja.org.pl\/?page_id=15"},"modified":"2022-04-14T18:19:07","modified_gmt":"2022-04-14T16:19:07","slug":"o-nas","status":"publish","type":"page","link":"https:\/\/achfundacja.org.pl\/?page_id=15","title":{"rendered":"O nas"},"content":{"rendered":"<p><\/p>\n\n\n<\/p>\n<figure><img src=\"https:\/\/achfundacja.org.pl\/wp-content\/uploads\/2020\/03\/phases-of-the-moon-1983032.jpg\" alt=\"fazy_uczenia_cel_ach\"><\/figure>\n<p>\n\n\n<p><\/p>\n<p><a href=\"https:\/\/achfundacja.org.pl\/wp-content\/uploads\/2020\/03\/ACH_Statut-Fundacji_do-KRS.pdf\">Nasz statut: ACH Fundacja<\/a><\/p>\n\n\n<p>Jeste\u015bmy grup\u0105, kt\u00f3ra wierzy, \u017ce dobra edukacja ma sens. Kiedy jest prowadzona w pe\u0142nej dobrowolno\u015bci: ucznia i mistrza. Kiedy jest budowaniem wiedzy i u\u017cywaniem jej w codzienno\u015bci. Ci\u0105g\u0142ym sprawdzaniem i ulepszaniem. <\/p>\n\n\n<p><\/p>\n\n\n<p>Naszym celem jest polepszanie dobrostanu nas samych i otaczaj\u0105cych nas ludzi. Chcemy to robi\u0107, poprzez uczenie, jak korzysta\u0107 z wiedzy, kt\u00f3r\u0105 jako ludzie posiadamy.<\/p>\n\n\n<p><\/p>\n\n\n\n<p><\/p>\n\n\n\n<p><\/p>\n\n\n<p>Edukacja to&nbsp;element naszego&nbsp;\u017cycia, realizujemy j\u0105 w spos\u00f3b, kt\u00f3ry daje satysfakcj\u0119.&nbsp;Ucz\u0105cym si\u0119 po obu stronach: ucznia i nauczyciela.<\/p>\n\n\n<p><\/p>\n\n\n<p>Uczniom pomagamy budowa\u0107 i rozwija\u0107 umiej\u0119tno\u015bci niezb\u0119dne w codziennym \u017cyciu, w coraz szybciej zmieniaj\u0105cym si\u0119 \u015bwiecie, w kt\u00f3rym cz\u0142owiek ze swoimi potrzebami zmienia si\u0119 najwolniej. <\/p>\n\n\n<p><\/p>\n\n\n<p>Rozumiemy edukacj\u0119 jako proces, w kt\u00f3rym obie strony ucz\u0105 si\u0119 od siebie. I obie strony wygrywaj\u0105.<\/p>\n\n\n<p><\/p>\n\n\n<p>Do pewnego momentu dzieci ucz\u0105 si\u0119, zaspakajaj\u0105c naturaln\u0105 ciekawo\u015b\u0107 \u015bwiata przez zadawanie pyta\u0144, s\u0142uchanie odpowiedzi i szukanie w\u0142asnych rozwi\u0105za\u0144. A\u017c do chwili, gdy wpadn\u0105 w tryby i oczka systemu edukacji. System w Polsce blokuje ten naturalny proces. System blokuje zar\u00f3wno dzieci, jak i nauczycieli. Dziecko ma si\u0119 nauczy\u0107 regu\u0142ek i odpowiada\u0107 wed\u0142ug schematu. Nauczyciel ma realizowa\u0107 odg\u00f3rne decyzje.<\/p>\n<p>My proponujemy zaj\u0119cia interaktywne. Post\u0119py w tym procesie s\u0105 wzmacniane poprzez konstruktywn\u0105 informacj\u0119 zwrotn\u0105, kt\u00f3ra nakierowuje i motywuje do dalszej pracy nad sob\u0105 i przedmiotem.<\/p>\n\n\n<p><\/p>\n\n\n<p>Nas interesuje, co kto chce robi\u0107 i jak my mo\u017cemy w tym pom\u00f3c &#8211; w procesie naturalnego uczenia. Dzieci i m\u0142odzie\u017c razem z nami u\u017cywaj\u0105 wiedzy. To, czego si\u0119 ucz\u0105, wykorzystuj\u0105: &#8222;Czego u\u017cyj\u0119, by znale\u017a\u0107 optymalny pod wzgl\u0119dem ekonomicznym kszta\u0142t pojemnika na wod\u0119? Z czego &#8211; z punktu widzenia mojej wiedzy chemicznej i biologicznej &#8211; tej pojemnik m\u00f3g\u0142by by\u0107, by zostawia\u0142 najmniejszy \u015blad w\u0119glowy lub najmniej ingerowa\u0142 w \u015brodowisko? W jaki spos\u00f3b mog\u0119 o moim pomy\u015ble m\u00f3wi\u0107, by inni chcieli s\u0142ucha\u0107? Jakie aspekty prawne mam wzi\u0105\u0107 pod uwag\u0119, gdy opracowuj\u0119 wynalazek?&#8221;<\/p>\n\n\n<p><\/p>\n\n\n<p>Chcemy pokaza\u0107, \u017ce wiedzy da si\u0119 u\u017cywa\u0107 oraz \u017ce ka\u017cde pytanie mo\u017ce nas doprowadzi\u0107 do nowych odpowiedzi.<\/p>\n\n\n<p><\/p>\n\n\n<p>Jeste\u015bmy grup\u0105 przewodnik\u00f3w i mentor\u00f3w. Zapraszamy.<\/p>\n\n\n<p><\/p>\n\n\n<p>Beata<\/p>\n\n\n<p><a href=\"https:\/\/achfundacja.org.pl\/wp-content\/uploads\/2020\/03\/ACH_Statut-Fundacji_do-KRS.pdf\">Nasz statut: ACH Fundacja<\/a><\/p>\n<p><\/p>\n\n\n<p> <\/p>\n","protected":false},"excerpt":{"rendered":"<p>Nasz statut: ACH Fundacja Jeste\u015bmy grup\u0105, kt\u00f3ra wierzy, \u017ce dobra edukacja ma sens. Kiedy jest prowadzona w pe\u0142nej dobrowolno\u015bci: ucznia i mistrza. Kiedy jest budowaniem wiedzy i u\u017cywaniem jej w codzienno\u015bci. Ci\u0105g\u0142ym sprawdzaniem i ulepszaniem. Naszym celem jest polepszanie dobrostanu nas samych i otaczaj\u0105cych nas ludzi. Chcemy to robi\u0107, poprzez uczenie, jak korzysta\u0107 z wiedzy, [&hellip;]<\/p>\n","protected":false},"author":1,"featured_media":0,"parent":0,"menu_order":0,"comment_status":"closed","ping_status":"closed","template":"","meta":[],"yoast_head":"<!-- This site is optimized with the Yoast SEO plugin v15.6.2 - https:\/\/yoast.com\/wordpress\/plugins\/seo\/ -->\n<title>O nas - fundacja Ach!<\/title>\n<meta name=\"robots\" content=\"index, follow, max-snippet:-1, max-image-preview:large, max-video-preview:-1\" \/>\n<link rel=\"canonical\" href=\"https:\/\/achfundacja.org.pl\/?page_id=15\" \/>\n<meta property=\"og:locale\" content=\"pl_PL\" \/>\n<meta property=\"og:type\" content=\"article\" \/>\n<meta property=\"og:title\" content=\"O nas - fundacja Ach!\" \/>\n<meta property=\"og:description\" content=\"Nasz statut: ACH Fundacja Jeste\u015bmy grup\u0105, kt\u00f3ra wierzy, \u017ce dobra edukacja ma sens. Kiedy jest prowadzona w pe\u0142nej dobrowolno\u015bci: ucznia i mistrza. Kiedy jest budowaniem wiedzy i u\u017cywaniem jej w codzienno\u015bci. Ci\u0105g\u0142ym sprawdzaniem i ulepszaniem. Naszym celem jest polepszanie dobrostanu nas samych i otaczaj\u0105cych nas ludzi. Chcemy to robi\u0107, poprzez uczenie, jak korzysta\u0107 z wiedzy, [&hellip;]\" \/>\n<meta property=\"og:url\" content=\"https:\/\/achfundacja.org.pl\/?page_id=15\" \/>\n<meta property=\"og:site_name\" content=\"fundacja Ach!\" \/>\n<meta property=\"article:modified_time\" content=\"2022-04-14T16:19:07+00:00\" \/>\n<meta property=\"og:image\" content=\"https:\/\/achfundacja.org.pl\/wp-content\/uploads\/2020\/03\/phases-of-the-moon-1983032.jpg\" \/>\n<meta name=\"twitter:card\" content=\"summary_large_image\" \/>\n<meta name=\"twitter:label1\" content=\"Est. reading time\">\n\t<meta name=\"twitter:data1\" content=\"2 minuty\">\n<script type=\"application\/ld+json\" class=\"yoast-schema-graph\">{\"@context\":\"https:\/\/schema.org\",\"@graph\":[{\"@type\":\"WebSite\",\"@id\":\"https:\/\/achfundacja.org.pl\/#website\",\"url\":\"https:\/\/achfundacja.org.pl\/\",\"name\":\"fundacja Ach!\",\"description\":\"u\\u017cywaj wiedzy, \\u017cyj dobrze\",\"potentialAction\":[{\"@type\":\"SearchAction\",\"target\":\"https:\/\/achfundacja.org.pl\/?s={search_term_string}\",\"query-input\":\"required name=search_term_string\"}],\"inLanguage\":\"pl-PL\"},{\"@type\":\"ImageObject\",\"@id\":\"https:\/\/achfundacja.org.pl\/?page_id=15#primaryimage\",\"inLanguage\":\"pl-PL\",\"url\":\"https:\/\/achfundacja.org.pl\/wp-content\/uploads\/2020\/03\/phases-of-the-moon-1983032.jpg\",\"width\":592,\"height\":292,\"caption\":\"fazy_uczenia_cel_ach\"},{\"@type\":\"WebPage\",\"@id\":\"https:\/\/achfundacja.org.pl\/?page_id=15#webpage\",\"url\":\"https:\/\/achfundacja.org.pl\/?page_id=15\",\"name\":\"O nas - fundacja Ach!\",\"isPartOf\":{\"@id\":\"https:\/\/achfundacja.org.pl\/#website\"},\"primaryImageOfPage\":{\"@id\":\"https:\/\/achfundacja.org.pl\/?page_id=15#primaryimage\"},\"datePublished\":\"2020-03-20T21:28:45+00:00\",\"dateModified\":\"2022-04-14T16:19:07+00:00\",\"inLanguage\":\"pl-PL\",\"potentialAction\":[{\"@type\":\"ReadAction\",\"target\":[\"https:\/\/achfundacja.org.pl\/?page_id=15\"]}]}]}<\/script>\n<!-- \/ Yoast SEO plugin. -->","_links":{"self":[{"href":"https:\/\/achfundacja.org.pl\/index.php?rest_route=\/wp\/v2\/pages\/15"}],"collection":[{"href":"https:\/\/achfundacja.org.pl\/index.php?rest_route=\/wp\/v2\/pages"}],"about":[{"href":"https:\/\/achfundacja.org.pl\/index.php?rest_route=\/wp\/v2\/types\/page"}],"author":[{"embeddable":true,"href":"https:\/\/achfundacja.org.pl\/index.php?rest_route=\/wp\/v2\/users\/1"}],"replies":[{"embeddable":true,"href":"https:\/\/achfundacja.org.pl\/index.php?rest_route=%2Fwp%2Fv2%2Fcomments&post=15"}],"version-history":[{"count":15,"href":"https:\/\/achfundacja.org.pl\/index.php?rest_route=\/wp\/v2\/pages\/15\/revisions"}],"predecessor-version":[{"id":351,"href":"https:\/\/achfundacja.org.pl\/index.php?rest_route=\/wp\/v2\/pages\/15\/revisions\/351"}],"wp:attachment":[{"href":"https:\/\/achfundacja.org.pl\/index.php?rest_route=%2Fwp%2Fv2%2Fmedia&parent=15"}],"curies":[{"name":"wp","href":"https:\/\/api.w.org\/{rel}","templated":true}]}}